12?
True
Does 190 divide 276836881?
False
Does 24 divide 14817412?
False
Does 27 divide 1656727418?
False
Is 36 a factor of 5481392?
False
Is 216 a factor of 3565992286?
False
Is 6659 a factor of 1790123991?
False
Is 26 a factor of 3326817018?
False
Is 77059351 a multiple of 41?
False
Is 20334607 a multiple of 47?
False
Is 395 a factor of 50705751?
False
Does 122 divide 15773746?
True
Does 483 divide 39174647?
False
Is 66 a factor of 130786156?
False
Is 1124 a factor of 6740900?
False
Is 128 a factor of 629289984?
True
Does 36 divide 40658679?
False
Is 103187430 a multiple of 1817?
True
Is 54892306 a multiple of 56?
False
Is 163786441 a multiple of 3913?
True
Is 102 a factor of 2967282?
True
Is 28 a factor of 101196368?
True
Does 6970 divide 640231183?
False
Is 25 a factor of 54263015?
False
Does 2398 divide 5842403?
False
Is 21 a factor of 58545648?
True
Is 6 a factor of 500107859?
False
Is 3845 a factor of 279896641?
False
Is 44 a factor of 374663533?
False
Does 239 divide 1441455366?
True
Is 2262 a factor of 3641881657?
False
Is 1308 a factor of 51310224?
True
Does 17 divide 448341922?
False
Does 684 divide 4549992644?
False
Is 18 a factor of 9506986?
False
Is 820 a factor of 71947620?
True
Is 23589236 a multiple of 129?
False
Is 422 a factor of 9020801?
False
Is 46 a factor of 399393436?
True
Does 913 divide 186280902?
False
Is 292262795 a multiple of 7?
False
Is 104663629 a multiple of 311?
True
Is 1651 a factor of 73439782?
True
Is 198 a factor of 18434487?
False
Is 553 a factor of 19657491?
True
Does 4409 divide 755526240?
True
Is 1068 a factor of 90361506?
False
Does 19 divide 332349064?
True
Does 197 divide 75610909?
False
Is 15 a factor of 7840727?
False
Does 3105 divide 37185088?
False
Is 324 a factor of 3722359?
False
Is 3 a factor of 706254112?
False
Is 24336587 a multiple of 344?
False
Does 932 divide 378246297?
False
Is 453555956 a multiple of 87?
False
Does 4 divide 413290299?
False
Is 97 a factor of 53298236?
False
Is 46 a factor of 259748673?
False
Does 3164 divide 36617925?
False
Is 14 a factor of 18001397?
False
Does 7 divide 938062473?
False
Does 163 divide 5320483?
True
Does 34 divide 823548408?
True
Is 137 a factor of 22907770?
True
Does 63 divide 52619175?
True
Does 4383 divide 2711432635?
False
Is 30 a factor of 239057580?
True
Is 115944408 a multiple of 12?
True
Is 4805 a factor of 425552450?
False
Is 13080536 a multiple of 2484?
False
Is 713002675 a multiple of 275?
True
Is 75 a factor of 2551464807?
False
Is 626538692 a multiple of 17?
False
Is 52129644 a multiple of 249?
True
Is 67874994 a multiple of 49?
False
Does 9 divide 3130566642?
True
Is 390 a factor of 591442800?
True
Is 16 a factor of 50598992?
True
Is 76 a factor of 189254516?
True
Does 1492 divide 29564288?
False
Does 39 divide 41890283?
False
Is 7936198 a multiple of 293?
True
Is 558284158 a multiple of 21?
False
Is 470 a factor of 157755030?
True
Is 6885377 a multiple of 11?
False
Is 1265 a factor of 1175540479?
False
Is 2400671880 a multiple of 24?
True
Is 10209626 a multiple of 269?
True
Is 17 a factor of 87969085?
False
Is 23761386 a multiple of 66?
True
Is 706608 a multiple of 336?
True
Is 63012285 even?
False
Is 233 a factor of 15347506?
False
Is 66890682 a multiple of 102?
True
Is 23 a factor of 84430968?
False
Is 1327 a factor of 92046028?
True
Is 33 a factor of 11309694?
True
Is 43901516 a multiple of 2?
True
Does 110 divide 157426227?
False
Is 1563 a factor of 57668448?
True
Does 138 divide 272623113?
False
Is 9 a factor of 412844238?
True
Is 17693511 a multiple of 18?
False
Is 307 a factor of 157009931?
True
Is 148 a factor of 441417400?
True
Is 1722 a factor of 299269911?
False
Is 31800889 a multiple of 447?
False
Is 9 a factor of 3509847?
True
Is 220407827 a multiple of 73?
False
Is 28 a factor of 43809584?
True
Is 12 a factor of 66330612?
True
Does 4745 divide 3521103170?
True
Is 13 a factor of 22864847?
False
Is 539199142 even?
True
Is 191120466 a multiple of 74?
True
Is 48 a factor of 122596106?
False
Does 14 divide 2942883265?
False
Is 24 a factor of 310460063?
False
Is 13120623 a multiple of 1555?
False
Does 1369 divide 411465271?
True
Is 60 a factor of 1934944175?
False
Is 1870119 a multiple of 17?
True
Is 55233164 a multiple of 28?
True
Is 3 a factor of 56439304?
False
Is 129288197 a multiple of 343?
False
Does 12 divide 3284538384?
True
Does 67 divide 487106147?
True
Is 205 a factor of 40131620?
True
Is 260 a factor of 82993042?
False
Is 13 a factor of 334398116?
True
Is 2008190 a multiple of 7?
False
Does 204 divide 12209196?
True
Is 30406493 a multiple of 144?
False
Is 371 a factor of 1584946086?
False
Is 465 a factor of 44763225?
True
Is 41113216 a multiple of 64?
True
Is 6997936 a multiple of 176?
True
Is 4300974 a multiple of 22?
False
Is 134596251 a multiple of 381?
True
Does 4539 divide 330561753?
True
Is 5126853336 a multiple of 136?
True
Does 4094 divide 198680442?
False
Is 110848430 a multiple of 3949?
True
Does 398 divide 127243742?
False
Does 47 divide 2088470?
False
Is 6215 a factor of 385000605?
True
Is 152655630 a multiple of 11?
False
Is 47090335 a multiple of 40?
False
Does 656 divide 158219666?
False
Is 33 a factor of 5436499?
False
Is 1551198246 a multiple of 26?
True
Does 619 divide 941692305?
False
Does 9 divide 3924648?
True
Is 113 a factor of 114635336?
True
Does 67 divide 3048550786?
True
Is 1720304610 a multiple of 6?
True
Does 15 divide 1032600765?
True
Is 1757860642 a multiple of 506?
False
Is 7103220 a multiple of 15?
True
Is 67 a factor of 51464997?
False
Is 22192137 a multiple of 9?
True
Is 3 a factor of 64817874?
True
Is 89728370 a multiple of 12?
False
Is 17624246 a multiple of 14?
False
Is 6 a factor of 806875457?
False
Is 36851589 a multiple of 207?
True
Does 214 divide 53605288?
True
Is 47516378 a multiple of 266?
True
Does 2511 divide 46634292?
True
Does 6 divide 65350752?
True
Is 6 a factor of 690871782?
True
Does 194 divide 43373550?
True
Does 711 divide 789461077?
False
Is 4870358 a multiple of 102?
False
Does 82 divide 26408838?
True
Is 70473268 a multiple of 4?
True
Is 43151806 a multiple of 307?
False
Does 24 divide 29640653?
False
Does 384 divide 81075371?
False
Is 444114387 a multiple of 889?
False
Is 4319 a factor of 21937454?
False
Does 49 divide 26040658?
True
Does 479 divide 37872614?
True
Does 128 divide 3693312?
True
Does 1308 divide 1803950132?
False
Is 71327145 a multiple of 18?
False
Does 38 divide 70508156?
False
Is 2075701 even?
False
Does 7 divide 1315545?
True
Is 158044430 a multiple of 101?
False
Is 64 a factor of 164415186?
False
Does 821 divide 146313694?
True
Does 54 divide 869923639?
False
Does 53 divide 208475795?
False
Is 53459681 a multiple of 20?
False
Does 12 divide 7911492?
True
Is 186 a factor of 164277618?
True
Does 986 divide 132011596?
True
Is 874 a factor of 375856708?
True
Is 454871663 a multiple of 2013?
False
Is 10 a factor of 227486760?
True
Is 208 a factor of 29112415?
False
Does 57 divide 242673852?
True
Does 1235 divide 335502600?
False
Is 7974 a factor of 1598462149?
False
Does 60 divide 185981522?
False
Is 458698752 a multiple of 276?
True
Is 42 a factor of 215426920?
False
Does 3 divide 36985428?
True
Does 6 divide 1116703832?
False
Is 1675 a factor of 171106275?
True
Is 1102 a factor of 215281873?
False
Is 1084860 a multiple of 63?
True
Is 6308549 a multiple of 72?
False
Does 8 divide 531745200?
True
Is 272679060 a multiple of 43?
False
Does 166 divide 29661046?
True
Is 25 a factor of 483335575?
True
Does 165 divide 365721694?
False
Does 273 divide 204659091?
True
Is 4117805 a multiple of 3?
False
Does 13 divide 1937439534?
False
Is 206586518 a multiple of 24?
False
Is 2449 a factor of 1149708510?
False
Is 12 a factor of 109968720?
True
Does 16 divide 2811774?
False
Is 43505074 a multiple of 202?
False
Is 2991940 a multiple of 45?
False
Is 68 a factor of 7624692?
False
Does 83 divide 145854807?
False
Is 9225583 a multiple of 21?
False
Does 73 divide 10416443?
True
Is 460 a factor of 46637100?
True
Is 14237202 a multiple of 68?
False
Is 4400037 a multiple of 2?
False
Does 4 divide 56194221?
False
Is 125536752 a multiple of 1476?
True
Does 23 divide 16916723?
False
Is 172 a factor of 24093089?
False
Is 69831386 a multiple of 1435?
False
Does 1176 